{"id":500,"date":"2022-08-18T02:11:58","date_gmt":"2022-08-18T00:11:58","guid":{"rendered":"https:\/\/www.bs-hof.de\/?page_id=500"},"modified":"2023-01-27T08:26:41","modified_gmt":"2023-01-27T07:26:41","slug":"elektrotechnik","status":"publish","type":"page","link":"https:\/\/www.bs-hof.de\/index.php\/fachschule-fuer-technik-hof\/elektrotechnik\/","title":{"rendered":"Elektrotechnik"},"content":{"rendered":"<p>[et_pb_section fb_built=&#8220;1&#8243; admin_label=&#8220;Gr\u00fcner Balken&#8220; _builder_version=&#8220;4.17.4&#8243; _module_preset=&#8220;default&#8220; background_color=&#8220;#A7C520&#8243; height=&#8220;3vh&#8220; custom_margin=&#8220;0px|0px|0px|0px|false|false&#8220; custom_padding=&#8220;0px|0px|0px|0px|false|false&#8220; collapsed=&#8220;on&#8220; global_colors_info=&#8220;{}&#8220;][\/et_pb_section][et_pb_section fb_built=&#8220;1&#8243; make_equal=&#8220;on&#8220; specialty=&#8220;on&#8220; admin_label=&#8220;Titel&#8220; _builder_version=&#8220;4.17.4&#8243; _module_preset=&#8220;default&#8220; use_background_color_gradient=&#8220;on&#8220; background_color_gradient_type=&#8220;elliptical&#8220; background_color_gradient_direction_radial=&#8220;bottom right&#8220; background_color_gradient_stops=&#8220;#f5f6f8 10%|#dce8a7 47%|#f5f6d4 72%&#8220; background_color_gradient_overlays_image=&#8220;on&#8220; background_color_gradient_start=&#8220;rgba(40,40,40,0.79)&#8220; background_color_gradient_end=&#8220;rgba(40,40,40,0.86)&#8220; background_enable_image=&#8220;off&#8220; background_enable_pattern_style=&#8220;on&#8220; background_pattern_style=&#8220;crosses&#8220; background_pattern_color=&#8220;rgba(0,0,0,0.05)&#8220; background_pattern_size=&#8220;custom&#8220; background_pattern_width=&#8220;53px&#8220; width=&#8220;100%&#8220; inner_width=&#8220;100%&#8220; inner_max_width=&#8220;80vw&#8220; custom_margin=&#8220;||||false&#8220; custom_padding=&#8220;1vw||1vw||true|false&#8220; collapsed=&#8220;on&#8220; global_colors_info=&#8220;{}&#8220;][et_pb_column type=&#8220;2_3&#8243; specialty_columns=&#8220;2&#8243; _builder_version=&#8220;4.16&#8243; custom_padding=&#8220;|||&#8220; global_colors_info=&#8220;{}&#8220; custom_padding__hover=&#8220;|||&#8220;][et_pb_row_inner _builder_version=&#8220;4.17.4&#8243; _module_preset=&#8220;default&#8220; width=&#8220;80%&#8220; global_colors_info=&#8220;{}&#8220;][et_pb_column_inner saved_specialty_column_type=&#8220;2_3&#8243; _builder_version=&#8220;4.17.4&#8243; _module_preset=&#8220;default&#8220; global_colors_info=&#8220;{}&#8220;][et_pb_text _builder_version=&#8220;4.18.0&#8243; _module_preset=&#8220;default&#8220; header_font=&#8220;|800|||||||&#8220; header_text_color=&#8220;#493F0B&#8220; header_font_size=&#8220;4em&#8220; header_font_size_tablet=&#8220;4em&#8220; header_font_size_phone=&#8220;4em&#8220; header_font_size_last_edited=&#8220;on|desktop&#8220; global_colors_info=&#8220;{}&#8220;]<\/p>\n<h1 class=\"csc-firstHeader\">Elektro<br class=\"b-brk\" \/>technik<\/h1>\n<p>[\/et_pb_text][\/et_pb_column_inner][\/et_pb_row_inner][\/et_pb_column][et_pb_column type=&#8220;1_3&#8243; _builder_version=&#8220;4.16&#8243; custom_padding=&#8220;|||&#8220; global_colors_info=&#8220;{}&#8220; custom_padding__hover=&#8220;|||&#8220;][\/et_pb_column][\/et_pb_section][et_pb_section fb_built=&#8220;1&#8243; admin_label=&#8220;Fachbereiche&#8220; _builder_version=&#8220;4.17.4&#8243; _module_preset=&#8220;default&#8220; background_color=&#8220;RGBA(255,255,255,0)&#8220; custom_padding=&#8220;|||&#8220; animation_style=&#8220;slide&#8220; animation_direction=&#8220;top&#8220; animation_intensity_slide=&#8220;10%&#8220; box_shadow_style=&#8220;preset3&#8243; box_shadow_vertical=&#8220;10px&#8220; box_shadow_blur=&#8220;105px&#8220; box_shadow_spread=&#8220;0px&#8220; box_shadow_color=&#8220;rgba(0,0,0,0.12)&#8220; collapsed=&#8220;on&#8220; global_colors_info=&#8220;{}&#8220;][et_pb_row column_structure=&#8220;1_2,1_2&#8243; make_equal=&#8220;on&#8220; _builder_version=&#8220;4.17.4&#8243; _module_preset=&#8220;default&#8220; background_color=&#8220;RGBA(255,255,255,0)&#8220; max_width=&#8220;80%&#8220; custom_margin=&#8220;|||&#8220; use_custom_width=&#8220;on&#8220; width_unit=&#8220;off&#8220; global_colors_info=&#8220;{}&#8220;][et_pb_column type=&#8220;1_2&#8243; _builder_version=&#8220;4.16&#8243; _module_preset=&#8220;default&#8220; custom_padding=&#8220;|||&#8220; global_colors_info=&#8220;{}&#8220; custom_padding__hover=&#8220;|||&#8220;][et_pb_text module_id=&#8220;berufsaussichten&#8220; _builder_version=&#8220;4.19.4&#8243; _module_preset=&#8220;default&#8220; text_font=&#8220;||||||||&#8220; header_font=&#8220;||||||||&#8220; header_2_font=&#8220;Rubik|700|||||||&#8220; header_2_text_color=&#8220;#A7C520&#8243; header_2_font_size=&#8220;42px&#8220; header_2_line_height=&#8220;1.2em&#8220; module_alignment=&#8220;center&#8220; custom_margin=&#8220;|||&#8220; custom_padding=&#8220;|||&#8220; hover_enabled=&#8220;0&#8243; header_2_font_size_tablet=&#8220;&#8220; header_2_font_size_phone=&#8220;32px&#8220; header_2_font_size_last_edited=&#8220;on|phone&#8220; locked=&#8220;off&#8220; global_colors_info=&#8220;{}&#8220; sticky_enabled=&#8220;0&#8243;]<\/p>\n<div class=\"csc-header csc-header-n1\">\n<div class=\"csc-header csc-header-n1\">\n<div class=\"csc-header csc-header-n2\">\n<div class=\"csc-header csc-header-n3\">\n<h2>Voraussetzungen f\u00fcr die Zulassung<\/h2>\n<\/div>\n<div class=\"csc-textpic-text\"><\/div>\n<\/div>\n<div class=\"csc-textpic-text\"><\/div>\n<\/div>\n<div class=\"csc-textpic-text\"><\/div>\n<\/div>\n<div class=\"csc-textpic-text\"><\/div>\n<p>[\/et_pb_text][et_pb_text _builder_version=&#8220;4.17.4&#8243; _module_preset=&#8220;default&#8220; width=&#8220;99.7%&#8220; min_height=&#8220;77.6px&#8220; custom_padding=&#8220;|35px||||&#8220; global_colors_info=&#8220;{}&#8220;]<\/p>\n<p class=\"bodytext\">Abschlusszeugnis der Berufsschule und eine erfolgreich abgeschlossene Berufsausbildung in einem der Fachrichtung Elektrotechnik entsprechenden Zugangsberuf\u00a0<\/p>\n<p class=\"align-center\">und<\/p>\n<p class=\"bodytext\">eine entsprechende Berufspraxis von mindestens einem Jahr.<\/p>\n<p class=\"align-center\">Oder:<\/p>\n<p class=\"bodytext\">Eine f\u00fcr die angestrebte Ausbildungsrichtung einschl\u00e4gige berufliche T\u00e4tigkeit (ohne Abschluss) von mindestens f\u00fcnf Jahren.<\/p>\n<p>[\/et_pb_text][et_pb_image src=&#8220;https:\/\/www.bs-hof.de\/wp-content\/uploads\/2022\/09\/elektrotechnik_01.jpg&#8220; title_text=&#8220;elektrotechnik_01&#8243; _builder_version=&#8220;4.17.4&#8243; _module_preset=&#8220;default&#8220; global_colors_info=&#8220;{}&#8220;][\/et_pb_image][\/et_pb_column][et_pb_column type=&#8220;1_2&#8243; _builder_version=&#8220;4.16&#8243; _module_preset=&#8220;default&#8220; custom_padding=&#8220;|||&#8220; global_colors_info=&#8220;{}&#8220; custom_padding__hover=&#8220;|||&#8220;][et_pb_text module_id=&#8220;berufsaussichten&#8220; _builder_version=&#8220;4.17.4&#8243; _module_preset=&#8220;default&#8220; text_font=&#8220;||||||||&#8220; header_font=&#8220;||||||||&#8220; header_2_font=&#8220;Rubik|700|||||||&#8220; header_2_text_color=&#8220;#A7C520&#8243; header_2_font_size=&#8220;42px&#8220; header_2_line_height=&#8220;1.2em&#8220; module_alignment=&#8220;center&#8220; custom_margin=&#8220;|||&#8220; custom_padding=&#8220;|||&#8220; header_2_font_size_tablet=&#8220;&#8220; header_2_font_size_phone=&#8220;36px&#8220; header_2_font_size_last_edited=&#8220;on|phone&#8220; locked=&#8220;off&#8220; global_colors_info=&#8220;{}&#8220;]<\/p>\n<div class=\"csc-header csc-header-n1\">\n<div class=\"csc-header csc-header-n1\">\n<div class=\"csc-header csc-header-n2\">\n<div class=\"csc-header csc-header-n3\">\n<h2>Zugangsberufe f\u00fcr die Fachrichtungen Elektrotechnik<\/h2>\n<\/div>\n<div class=\"csc-textpic-text\"><\/div>\n<\/div>\n<div class=\"csc-textpic-text\"><\/div>\n<\/div>\n<div class=\"csc-textpic-text\"><\/div>\n<\/div>\n<div class=\"csc-textpic-text\"><\/div>\n<p>[\/et_pb_text][et_pb_text _builder_version=&#8220;4.17.4&#8243; _module_preset=&#8220;default&#8220; global_colors_info=&#8220;{}&#8220;]<\/p>\n<ul>\n<li>B\u00fcroinformationselektroniker<\/li>\n<li>Elektroinstallateur<\/li>\n<li>Elektromaschinenbauer<\/li>\n<li>Elektromaschinenmonteur<\/li>\n<li>Elektromechaniker<\/li>\n<li>Elektromonteur<\/li>\n<li>Elektrotechnischer Assistent<\/li>\n<li>Energieelektroniker<\/li>\n<li>Fernmeldeanlagenelektroniker<\/li>\n<li>Fernmeldeanlagenelektroniker<\/li>\n<li>H\u00f6rger\u00e4teakustiker<\/li>\n<li>Industrieelektroniker<\/li>\n<li>Kommunikationselektroniker<\/li>\n<li>Kraftfahrzeugelektriker<\/li>\n<li>Physikalisch-technischer Assistent<\/li>\n<li>Physiklaborant<\/li>\n<li>Radio- und Fernsehtechniker<\/li>\n<li>Technischer Zeichner \u2013 Elektro<\/li>\n<\/ul>\n<p class=\"bodytext\">Aufgehobene oder durch neue Berufsbezeichnungen ersetzte Berufsbilder, die den o.g. Ausbildungen entsprechen, werden ebenfalls ber\u00fccksichtigt.<\/p>\n<p class=\"bodytext\"><b>Weitere Zugangsberufe auf Anfrage!<\/b><\/p>\n<p>[\/et_pb_text][\/et_pb_column][\/et_pb_row][\/et_pb_section][et_pb_section fb_built=&#8220;1&#8243; admin_label=&#8220;Fachbereiche&#8220; _builder_version=&#8220;4.19.4&#8243; _module_preset=&#8220;default&#8220; background_color=&#8220;RGBA(255,255,255,0)&#8220; custom_padding=&#8220;|||&#8220; animation_style=&#8220;slide&#8220; animation_direction=&#8220;top&#8220; animation_intensity_slide=&#8220;10%&#8220; hover_enabled=&#8220;0&#8243; collapsed=&#8220;on&#8220; global_colors_info=&#8220;{}&#8220; sticky_enabled=&#8220;0&#8243;][et_pb_row column_structure=&#8220;1_2,1_2&#8243; make_equal=&#8220;on&#8220; _builder_version=&#8220;4.17.4&#8243; _module_preset=&#8220;default&#8220; background_color=&#8220;RGBA(255,255,255,0)&#8220; max_width=&#8220;80%&#8220; custom_margin=&#8220;|||&#8220; use_custom_width=&#8220;on&#8220; width_unit=&#8220;off&#8220; global_colors_info=&#8220;{}&#8220;][et_pb_column type=&#8220;1_2&#8243; _builder_version=&#8220;4.16&#8243; _module_preset=&#8220;default&#8220; custom_padding=&#8220;|||&#8220; global_colors_info=&#8220;{}&#8220; custom_padding__hover=&#8220;|||&#8220;][et_pb_text module_id=&#8220;abschluss&#8220; _builder_version=&#8220;4.19.4&#8243; _module_preset=&#8220;default&#8220; text_font=&#8220;||||||||&#8220; header_font=&#8220;||||||||&#8220; header_2_font=&#8220;Rubik|700|||||||&#8220; header_2_text_color=&#8220;#A7C520&#8243; header_2_font_size=&#8220;42px&#8220; header_2_line_height=&#8220;1.2em&#8220; module_alignment=&#8220;center&#8220; custom_margin=&#8220;|||&#8220; custom_padding=&#8220;|||&#8220; hover_enabled=&#8220;0&#8243; header_2_font_size_tablet=&#8220;&#8220; header_2_font_size_phone=&#8220;32px&#8220; header_2_font_size_last_edited=&#8220;on|phone&#8220; locked=&#8220;off&#8220; global_colors_info=&#8220;{}&#8220; sticky_enabled=&#8220;0&#8243;]<\/p>\n<div class=\"csc-header csc-header-n1\">\n<div class=\"csc-header csc-header-n1\">\n<div class=\"csc-header csc-header-n2\">\n<div class=\"csc-header csc-header-n3\">\n<h2>Unterrichtsf\u00e4cher<br \/>1. Schuljahr<\/h2>\n<\/div>\n<div class=\"csc-textpic-text\"><\/div>\n<\/div>\n<div class=\"csc-textpic-text\"><\/div>\n<\/div>\n<div class=\"csc-textpic-text\"><\/div>\n<\/div>\n<div class=\"csc-textpic-text\"><\/div>\n<p>[\/et_pb_text][et_pb_text _builder_version=&#8220;4.17.4&#8243; _module_preset=&#8220;default&#8220; width=&#8220;99.7%&#8220; min_height=&#8220;77.6px&#8220; custom_padding=&#8220;|35px||||&#8220; global_colors_info=&#8220;{}&#8220;]<\/p>\n<table class=\"contenttable\">\n<tbody>\n<tr>\n<td><\/td>\n<td><\/td>\n<td rowspan=\"1\"><\/td>\n<td rowspan=\"1\" class=\"align-left\"><\/td>\n<\/tr>\n<tr>\n<td rowspan=\"1\">Pflichtf\u00e4cher: &nbsp; &nbsp; &nbsp; &nbsp; &nbsp; &nbsp;<\/td>\n<th><\/th>\n<th class=\"align-left\" scope=\"row\" rowspan=\"1\"><\/th>\n<td rowspan=\"1\"><\/td>\n<\/tr>\n<tr>\n<td><\/td>\n<th><\/th>\n<th class=\"align-left\" scope=\"row\"><span style=\"font-weight: normal; \">Mathematik<\/span><\/th>\n<td>5<\/td>\n<\/tr>\n<tr>\n<td rowspan=\"1\" class=\"align-left\">&nbsp; &nbsp; &nbsp; &nbsp; &nbsp; &nbsp;<\/td>\n<td><\/td>\n<td rowspan=\"1\">Physik<\/td>\n<td>4<\/td>\n<\/tr>\n<tr class=\"align-left\">\n<td><\/td>\n<th><\/th>\n<th class=\"align-justify\" scope=\"row\"><span style=\"font-weight: normal; \">Chemie und Werkstoffkunde<\/span><\/th>\n<td>2<\/td>\n<\/tr>\n<tr class=\"align-justify\">\n<td><\/td>\n<th><\/th>\n<th class=\"align-justify\" scope=\"row\"><span style=\"font-weight: normal; \">Elektrotechnik<\/span><\/th>\n<td>7<\/td>\n<\/tr>\n<tr>\n<td><\/td>\n<th><\/th>\n<th class=\"align-left\" scope=\"row\"><span style=\"font-weight: normal; \">Elektronik<\/span><\/th>\n<td>5<\/td>\n<\/tr>\n<tr>\n<td><\/td>\n<th><\/th>\n<th class=\"align-left\" scope=\"row\"><span style=\"font-weight: normal; \">Informationstechnik<\/span><\/th>\n<td>4<\/td>\n<\/tr>\n<tr>\n<td><\/td>\n<th><\/th>\n<th class=\"align-left\" scope=\"row\"><span style=\"font-weight: normal; \">Messtechnik<\/span><\/th>\n<td>4<\/td>\n<\/tr>\n<tr class=\"align-justify\">\n<td><\/td>\n<th><\/th>\n<th class=\"align-left\" scope=\"row\"><span style=\"font-weight: normal; \">Wirtschafts- und Sozialkunde<\/span><\/th>\n<td>2<\/td>\n<\/tr>\n<tr>\n<td><\/td>\n<th><\/th>\n<th class=\"align-left\" scope=\"row\"><span style=\"font-weight: normal; \">Deutsch&nbsp; <\/span><\/th>\n<td>2<\/td>\n<\/tr>\n<tr>\n<td><\/td>\n<th><\/th>\n<th class=\"align-left\" scope=\"row\"><span style=\"font-weight: normal; \">Englisch<\/span><\/th>\n<td>2<\/td>\n<\/tr>\n<tr>\n<td><\/td>\n<th><\/th>\n<th class=\"align-left\" scope=\"row\"><u>Summe der Unterrichtsstunden<\/u><\/th>\n<td><b>37<\/b><\/td>\n<\/tr>\n<tr>\n<td rowspan=\"1\"><\/td>\n<th rowspan=\"1\"><\/th>\n<th class=\"align-left\" scope=\"row\" rowspan=\"1\"><\/th>\n<td rowspan=\"1\"><\/td>\n<\/tr>\n<tr>\n<td>Wahlfach: &nbsp; &nbsp; &nbsp; &nbsp; &nbsp; &nbsp;<\/td>\n<th><\/th>\n<th scope=\"row\" rowspan=\"1\"><\/th>\n<td rowspan=\"1\"><\/td>\n<\/tr>\n<tr>\n<td><\/td>\n<th><\/th>\n<th scope=\"row\" class=\"align-left\"><span style=\"font-weight: normal; \">Berufs- und Arbeitsp\u00e4dagogik<\/span><\/th>\n<td>2<\/td>\n<\/tr>\n<\/tbody>\n<\/table>\n<p>[\/et_pb_text][et_pb_image src=&#8220;https:\/\/www.bs-hof.de\/wp-content\/uploads\/2022\/09\/elektrotechnik_03.jpg&#8220; title_text=&#8220;elektrotechnik_03&#8243; _builder_version=&#8220;4.17.4&#8243; _module_preset=&#8220;default&#8220; global_colors_info=&#8220;{}&#8220;][\/et_pb_image][\/et_pb_column][et_pb_column type=&#8220;1_2&#8243; _builder_version=&#8220;4.16&#8243; _module_preset=&#8220;default&#8220; custom_padding=&#8220;|||&#8220; global_colors_info=&#8220;{}&#8220; custom_padding__hover=&#8220;|||&#8220;][et_pb_text module_id=&#8220;abschluss&#8220; _builder_version=&#8220;4.19.4&#8243; _module_preset=&#8220;default&#8220; text_font=&#8220;||||||||&#8220; header_font=&#8220;||||||||&#8220; header_2_font=&#8220;Rubik|700|||||||&#8220; header_2_text_color=&#8220;#A7C520&#8243; header_2_font_size=&#8220;42px&#8220; header_2_line_height=&#8220;1.2em&#8220; module_alignment=&#8220;center&#8220; custom_margin=&#8220;|||&#8220; custom_padding=&#8220;|||&#8220; hover_enabled=&#8220;0&#8243; header_2_font_size_tablet=&#8220;&#8220; header_2_font_size_phone=&#8220;32px&#8220; header_2_font_size_last_edited=&#8220;on|phone&#8220; locked=&#8220;off&#8220; global_colors_info=&#8220;{}&#8220; sticky_enabled=&#8220;0&#8243;]<\/p>\n<div class=\"csc-header csc-header-n1\">\n<div class=\"csc-header csc-header-n1\">\n<div class=\"csc-header csc-header-n2\">\n<div class=\"csc-header csc-header-n3\">\n<h2>Unterrichtsf\u00e4cher<br \/>2. Schuljahr<\/h2>\n<\/div>\n<div class=\"csc-textpic-text\"><\/div>\n<\/div>\n<div class=\"csc-textpic-text\"><\/div>\n<\/div>\n<div class=\"csc-textpic-text\"><\/div>\n<\/div>\n<div class=\"csc-textpic-text\"><\/div>\n<p>[\/et_pb_text][et_pb_text _builder_version=&#8220;4.17.4&#8243; _module_preset=&#8220;default&#8220; global_colors_info=&#8220;{}&#8220;]<\/p>\n<table class=\"contenttable\">\n<tbody>\n<tr>\n<td rowspan=\"1\">Pflichtf\u00e4cher: &nbsp; &nbsp; &nbsp; &nbsp; &nbsp;&nbsp;<\/td>\n<td rowspan=\"1\"><\/td>\n<\/tr>\n<tr>\n<td><\/td>\n<td><span style=\"font-size:12.0pt; line-height:115%; font-family:&quot;Calibri&quot;,&quot;sans-serif&quot;\">Englisch<\/span><\/td>\n<td>2<\/td>\n<\/tr>\n<tr>\n<td><\/td>\n<td><span style=\"font-size:12.0pt; line-height:115%; font-family:&quot;Calibri&quot;,&quot;sans-serif&quot;\">Mathematik II<span>&nbsp;&nbsp;&nbsp;&nbsp;&nbsp;&nbsp;&nbsp;&nbsp;&nbsp;&nbsp; <\/span><\/span><\/td>\n<td>2<\/td>\n<\/tr>\n<tr>\n<td><\/td>\n<td><span style=\"font-size:12.0pt; line-height:115%; font-family:&quot;Calibri&quot;,&quot;sans-serif&quot;\">Betriebs<\/span><span style=\"font-size:12.0pt; line-height:115%; font-family:&quot;Calibri&quot;,&quot;sans-serif&quot;\">psychologie<\/span><\/td>\n<td>2<\/td>\n<\/tr>\n<tr>\n<td><\/td>\n<td><span style=\"font-size:12.0pt; line-height:115%; font-family:&quot;Calibri&quot;,&quot;sans-serif&quot;\">Betriebswirtschaftl. Prozesse<\/span><\/td>\n<td>2<\/td>\n<\/tr>\n<tr>\n<td>W<span style=\"font-family: Calibri, sans-serif; font-size: 12pt; line-height: 115%; \">ahlpflichtf\u00e4cher:<\/span><\/td>\n<td>&nbsp; &nbsp;<\/td>\n<td>&nbsp;<\/td>\n<\/tr>\n<tr>\n<td rowspan=\"1\"><\/td>\n<td rowspan=\"1\"><span style=\"font-family: Calibri, sans-serif; font-size: 16px; line-height: 18.399999618530273px; \">Projektarbeit<\/span><\/td>\n<td rowspan=\"1\">3<\/td>\n<\/tr>\n<tr>\n<td><\/td>\n<td><span style=\"font-size:12.0pt; line-height:115%; font-family:&quot;Calibri&quot;,&quot;sans-serif&quot;\">Elektrische Anlagen*<\/span><\/td>\n<td>3<\/td>\n<\/tr>\n<tr>\n<td><\/td>\n<td><span style=\"font-size:12.0pt; line-height:115%; font-family:&quot;Calibri&quot;,&quot;sans-serif&quot;\">Steuerungstechnik*<\/span><\/td>\n<td>3<\/td>\n<\/tr>\n<tr>\n<td><\/td>\n<td><span style=\"font-size:12.0pt; line-height:115%; font-family:&quot;Calibri&quot;,&quot;sans-serif&quot;\">CAD<span>&nbsp; <\/span>und<span>&nbsp; <\/span>CAE*<\/span><\/td>\n<td>3<\/td>\n<\/tr>\n<tr>\n<td><\/td>\n<td><span style=\"font-size:12.0pt; line-height:115%; font-family:&quot;Calibri&quot;,&quot;sans-serif&quot;\">Mechatronische Systeme*<\/span><\/td>\n<td>3<\/td>\n<\/tr>\n<tr>\n<td><\/td>\n<td><span style=\"font-size:12.0pt; line-height:115%; font-family:&quot;Calibri&quot;,&quot;sans-serif&quot;\">Automatisierungstechnik*<span>&nbsp; <\/span><\/span><\/td>\n<td>3<\/td>\n<\/tr>\n<tr>\n<td><\/td>\n<td><span style=\"font-size:12.0pt; line-height:115%; font-family:&quot;Calibri&quot;,&quot;sans-serif&quot;\">Regelungstechnik*<\/span><\/td>\n<td>3<\/td>\n<\/tr>\n<tr>\n<td rowspan=\"1\"><\/td>\n<td rowspan=\"1\"><b><u>Summe der Unterrichtsstunden<\/u><\/b><\/td>\n<td rowspan=\"1\"><b>29<\/b><\/td>\n<\/tr>\n<tr>\n<td><\/td>\n<td><\/td>\n<td>&nbsp;<\/td>\n<\/tr>\n<tr>\n<td><span style=\"font-size:12.0pt; line-height:115%\">Wahlf\u00e4cher:<\/span><\/td>\n<td><\/td>\n<td><\/td>\n<\/tr>\n<tr>\n<td rowspan=\"1\"><\/td>\n<td rowspan=\"1\"><span style=\"font-family: Calibri, sans-serif; font-size: 16px; line-height: 18.399999618530273px; \">El. Masch. u. Antriebe*<\/span><\/td>\n<td rowspan=\"1\">3<\/td>\n<\/tr>\n<tr>\n<td><\/td>\n<td><span><span style=\"font-size:12.0pt; line-height:115%; font-family:&quot;Calibri&quot;,&quot;sans-serif&quot;\">Leistungselektronik*<span>&nbsp;&nbsp;&nbsp;&nbsp;&nbsp;&nbsp;&nbsp; <\/span><\/span><\/span><\/td>\n<td>2<\/td>\n<\/tr>\n<tr>\n<td><\/td>\n<td><span style=\"font-size:12.0pt; line-height:115%; font-family:&quot;Calibri&quot;,&quot;sans-serif&quot;\">Mikrocontrollertechnik<\/span><\/td>\n<td>3<\/td>\n<\/tr>\n<tr>\n<td><\/td>\n<td><span style=\"font-size:12.0pt; line-height:115%; font-family:&quot;Calibri&quot;,&quot;sans-serif&quot;\">Umwelt- u. Qualit\u00e4tsmanagement*<\/span><\/td>\n<td>2<\/td>\n<\/tr>\n<tr>\n<td><\/td>\n<td><span style=\"font-size:12.0pt; line-height:115%; font-family:&quot;Calibri&quot;,&quot;sans-serif&quot;\">Computergest\u00fctzte Messtechnik*<\/span><\/td>\n<td>2<\/td>\n<\/tr>\n<tr>\n<td><\/td>\n<td>Produktions-Planungssteuerung*<\/td>\n<td>2<\/td>\n<\/tr>\n<\/tbody>\n<\/table>\n<p>[\/et_pb_text][et_pb_text _builder_version=&#8220;4.17.4&#8243; _module_preset=&#8220;default&#8220; global_colors_info=&#8220;{}&#8220;]<\/p>\n<p class=\"bodytext\">Mit * gekennzeichnete F\u00e4cher sind m\u00f6gliche Abschlusspr\u00fcfunmgsf\u00e4cher<\/p>\n<p class=\"bodytext\"><span>Gesamtstundenzahl: mindestens 34 (32)\u00a0\u00a0\u00a0\u00a0\u00a0\u00a0\u00a0\u00a0\u00a0\u00a0\u00a0\u00a0\u00a0\u00a0\u00a0\u00a0\u00a0 mit (ohne) Mathematik II<\/span><\/p>\n<p class=\"bodytext\">\u00a0<span>\u00a0 \u00a0 \u00a0 \u00a0 \u00a0 \u00a0 \u00a0 \u00a0 \u00a0 \u00a0 \u00a0 \u00a0 \u00a0 \u00a0 \u00a0 \u00a0 \u00a0 \u00a0 \u00a0 maximal\u00a0 \u00a0 \u00a0 37 (35)<\/span><\/p>\n<p class=\"bodytext\">\u00a0Die Auflistung stellte eine m\u00f6gliche Auswahl dar. Diese kann sich von Jahr zu Jahr etwas \u00e4ndern.<\/p>\n<p>[\/et_pb_text][et_pb_image src=&#8220;https:\/\/www.bs-hof.de\/wp-content\/uploads\/2022\/09\/elektrotechnik_02.jpg&#8220; title_text=&#8220;elektrotechnik_02&#8243; _builder_version=&#8220;4.17.4&#8243; _module_preset=&#8220;default&#8220; global_colors_info=&#8220;{}&#8220;][\/et_pb_image][\/et_pb_column][\/et_pb_row][\/et_pb_section]<\/p>\n","protected":false},"excerpt":{"rendered":"<p>Elektrotechnik Voraussetzungen f\u00fcr die Zulassung Abschlusszeugnis der Berufsschule und eine erfolgreich abgeschlossene Berufsausbildung in einem der Fachrichtung Elektrotechnik entsprechenden Zugangsberuf\u00a0 und eine entsprechende Berufspraxis von mindestens einem Jahr. Oder: Eine f\u00fcr die angestrebte Ausbildungsrichtung einschl\u00e4gige berufliche T\u00e4tigkeit (ohne Abschluss) von mindestens f\u00fcnf Jahren. Zugangsberufe f\u00fcr die Fachrichtungen Elektrotechnik B\u00fcroinformationselektroniker Elektroinstallateur Elektromaschinenbauer Elektromaschinenmonteur Elektromechaniker Elektromonteur Elektrotechnischer [&hellip;]<\/p>\n","protected":false},"author":7,"featured_media":0,"parent":119,"menu_order":0,"comment_status":"closed","ping_status":"closed","template":"","meta":{"_et_pb_use_builder":"on","_et_pb_old_content":"<!-- wp:divi\/placeholder \/-->","_et_gb_content_width":"","inline_featured_image":false,"footnotes":""},"class_list":["post-500","page","type-page","status-publish","hentry"],"_links":{"self":[{"href":"https:\/\/www.bs-hof.de\/index.php\/wp-json\/wp\/v2\/pages\/500","targetHints":{"allow":["GET"]}}],"collection":[{"href":"https:\/\/www.bs-hof.de\/index.php\/wp-json\/wp\/v2\/pages"}],"about":[{"href":"https:\/\/www.bs-hof.de\/index.php\/wp-json\/wp\/v2\/types\/page"}],"author":[{"embeddable":true,"href":"https:\/\/www.bs-hof.de\/index.php\/wp-json\/wp\/v2\/users\/7"}],"replies":[{"embeddable":true,"href":"https:\/\/www.bs-hof.de\/index.php\/wp-json\/wp\/v2\/comments?post=500"}],"version-history":[{"count":6,"href":"https:\/\/www.bs-hof.de\/index.php\/wp-json\/wp\/v2\/pages\/500\/revisions"}],"predecessor-version":[{"id":1733,"href":"https:\/\/www.bs-hof.de\/index.php\/wp-json\/wp\/v2\/pages\/500\/revisions\/1733"}],"up":[{"embeddable":true,"href":"https:\/\/www.bs-hof.de\/index.php\/wp-json\/wp\/v2\/pages\/119"}],"wp:attachment":[{"href":"https:\/\/www.bs-hof.de\/index.php\/wp-json\/wp\/v2\/media?parent=500"}],"curies":[{"name":"wp","href":"https:\/\/api.w.org\/{rel}","templated":true}]}}