{"id":534,"date":"2022-08-18T02:23:36","date_gmt":"2022-08-18T00:23:36","guid":{"rendered":"https:\/\/www.bs-hof.de\/?page_id=534"},"modified":"2024-01-12T09:06:41","modified_gmt":"2024-01-12T08:06:41","slug":"leitung-schulleitung-abteilungsleiter-sachaufwandstraeger-personalrat","status":"publish","type":"page","link":"https:\/\/www.bs-hof.de\/index.php\/ansprechpartner\/leitung-schulleitung-abteilungsleiter-sachaufwandstraeger-personalrat\/","title":{"rendered":"Leitung: Schulleitung, Abteilungsleiter, Sachaufwandstr\u00e4ger, Personalrat"},"content":{"rendered":"<p>[et_pb_section fb_built=&#8220;1&#8243; _builder_version=&#8220;4.19.0&#8243; _module_preset=&#8220;default&#8220; background_color=&#8220;#CDE855&#8243; da_disable_devices=&#8220;off|off|off&#8220; global_colors_info=&#8220;{}&#8220; da_is_popup=&#8220;off&#8220; da_exit_intent=&#8220;off&#8220; da_has_close=&#8220;on&#8220; da_alt_close=&#8220;off&#8220; da_dark_close=&#8220;off&#8220; da_not_modal=&#8220;on&#8220; da_is_singular=&#8220;off&#8220; da_with_loader=&#8220;off&#8220; da_has_shadow=&#8220;on&#8220;][et_pb_row column_structure=&#8220;2_3,1_3&#8243; _builder_version=&#8220;4.19.0&#8243; _module_preset=&#8220;default&#8220; global_colors_info=&#8220;{}&#8220;][et_pb_column type=&#8220;2_3&#8243; _builder_version=&#8220;4.19.0&#8243; _module_preset=&#8220;default&#8220; global_colors_info=&#8220;{}&#8220;][et_pb_text _builder_version=&#8220;4.19.0&#8243; _module_preset=&#8220;default&#8220; global_colors_info=&#8220;{}&#8220;]<\/p>\n<h2 id=\"tablepress-2-name\" class=\"tablepress-table-name tablepress-table-name-id-2\">Schulleitung<\/h2>\n\n<table id=\"tablepress-2\" class=\"tablepress tablepress-id-2\" aria-labelledby=\"tablepress-2-name\">\n<tbody class=\"row-striping row-hover\">\n<tr class=\"row-1\">\n\t<td class=\"column-1\">Schulleiterin<\/td><td class=\"column-2\">OStDin<\/td><td class=\"column-3\">Dr. Br\u00f6nner<\/td><td class=\"column-4\">Andrea<\/td>\n<\/tr>\n<tr class=\"row-2\">\n\t<td class=\"column-1\">stellvertretender Schulleiter<\/td><td class=\"column-2\">StD<\/td><td class=\"column-3\">M\u00fcnch<\/td><td class=\"column-4\">Michael<\/td>\n<\/tr>\n<tr class=\"row-3\">\n\t<td class=\"column-1\">weiterer Stellvertreter und Leiter der Fachschulen<\/td><td class=\"column-2\">StD<\/td><td class=\"column-3\">Ott<\/td><td class=\"column-4\">Alexander<\/td>\n<\/tr>\n<tr class=\"row-4\">\n\t<td class=\"column-1\">Au\u00dfenstellenleiter am Standort M\u00fcnchberg<\/td><td class=\"column-2\">StD<\/td><td class=\"column-3\">Bitterwolf<\/td><td class=\"column-4\">Daniel<\/td>\n<\/tr>\n<tr class=\"row-5\">\n\t<td class=\"column-1\">Au\u00dfenstellenleiter am Standort Rehau<\/td><td class=\"column-2\">StD<\/td><td class=\"column-3\">Lang<\/td><td class=\"column-4\">Alexander<\/td>\n<\/tr>\n<tr class=\"row-6\">\n\t<td class=\"column-1\">Mitarbeiter der Schulleitung<\/td><td class=\"column-2\">StD<\/td><td class=\"column-3\">H\u00fcttner<\/td><td class=\"column-4\">Alexander<\/td>\n<\/tr>\n<tr class=\"row-7\">\n\t<td class=\"column-1\">Mitarbeiterin der Schulleitung<\/td><td class=\"column-2\">StDin<\/td><td class=\"column-3\">F\u00f6rster<\/td><td class=\"column-4\">Doreen<\/td>\n<\/tr>\n<\/tbody>\n<\/table>\n\n<p>&nbsp;<\/p>\n<p>[\/et_pb_text][\/et_pb_column][et_pb_column type=&#8220;1_3&#8243; _builder_version=&#8220;4.19.0&#8243; _module_preset=&#8220;default&#8220; global_colors_info=&#8220;{}&#8220;][\/et_pb_column][\/et_pb_row][\/et_pb_section][et_pb_section fb_built=&#8220;1&#8243; _builder_version=&#8220;4.19.0&#8243; _module_preset=&#8220;default&#8220; custom_margin=&#8220;-36px||||false|false&#8220; animation_style=&#8220;slide&#8220; animation_direction=&#8220;top&#8220; da_disable_devices=&#8220;off|off|off&#8220; global_colors_info=&#8220;{}&#8220; da_is_popup=&#8220;off&#8220; da_exit_intent=&#8220;off&#8220; da_has_close=&#8220;on&#8220; da_alt_close=&#8220;off&#8220; da_dark_close=&#8220;off&#8220; da_not_modal=&#8220;on&#8220; da_is_singular=&#8220;off&#8220; da_with_loader=&#8220;off&#8220; da_has_shadow=&#8220;on&#8220;][et_pb_row column_structure=&#8220;3_5,2_5&#8243; _builder_version=&#8220;4.19.0&#8243; _module_preset=&#8220;default&#8220; global_colors_info=&#8220;{}&#8220;][et_pb_column type=&#8220;3_5&#8243; _builder_version=&#8220;4.19.0&#8243; _module_preset=&#8220;default&#8220; global_colors_info=&#8220;{}&#8220;][et_pb_text _builder_version=&#8220;4.19.0&#8243; _module_preset=&#8220;default&#8220; global_colors_info=&#8220;{}&#8220;]<\/p>\n<h2 id=\"tablepress-5-name\" class=\"tablepress-table-name tablepress-table-name-id-5\">Abteilungsleiter<\/h2>\n\n<table id=\"tablepress-5\" class=\"tablepress tablepress-id-5\" aria-labelledby=\"tablepress-5-name\">\n<tbody class=\"row-striping row-hover\">\n<tr class=\"row-1\">\n\t<td class=\"column-1\">Bellmann, Anja<\/td><td class=\"column-2\">Wirtschaftswissenschaften I, Hof<\/td><td class=\"column-3\">Fachkr\u00e4fte f\u00fcr Lagerlogistik, Fachlageristen, Kaufleute f\u00fcr Spedition und Lagerlogistikdienstleistungen<br \/>\nGro\u00df- und Au\u00dfenhandel<\/td>\n<\/tr>\n<tr class=\"row-2\">\n\t<td class=\"column-1\">B\u00f6ger, Berhard<\/td><td class=\"column-2\">Wirtschaftswissenschaften III<br \/>\nGesundheitsabteilung, Hof<\/td><td class=\"column-3\">Bank, Einzelhandel ,<br \/>\nMedizinische Fachangestellte, Zahnmedizinische Fachangestellte<\/td>\n<\/tr>\n<tr class=\"row-3\">\n\t<td class=\"column-1\">Forst, Michael<\/td><td class=\"column-2\">Handwerksberufe  und Fl\u00fcchtlingsbewerber (Nahrung, Farbe, K\u00f6rperpflege)<br \/>\nHof<\/td><td class=\"column-3\">Maler und Lackierer,<br \/>\nFriseure,<br \/>\nBerufsintegration, B\u00e4cker*innen, B\u00e4ckereifachverk\u00e4ufer*innen, Konditor*innen<\/td>\n<\/tr>\n<tr class=\"row-4\">\n\t<td class=\"column-1\">Gelbrich, Volker<\/td><td class=\"column-2\">Metalltechnik II, Hof<\/td><td class=\"column-3\">Konstruktionsmechaniker,<br \/>\nSystemplaner Metall- und Stahlbau, Industriemechaniker<br \/>\nAnlagenmechaniker Heizung, Sanit\u00e4r, Klima<\/td>\n<\/tr>\n<tr class=\"row-5\">\n\t<td class=\"column-1\">Gemsj\u00e4ger, Franz<\/td><td class=\"column-2\">praktischer Unterricht<br \/>\nMetalltechnik II<br \/>\nHof<\/td><td class=\"column-3\">Konstruktionsmechaniker,<br \/>\nSystemplaner Metall- und Stahlbau, Industriemechaniker  <\/td>\n<\/tr>\n<tr class=\"row-6\">\n\t<td class=\"column-1\">Heindl, Walter<\/td><td class=\"column-2\">Englisch<\/td><td class=\"column-3\"><\/td>\n<\/tr>\n<tr class=\"row-7\">\n\t<td class=\"column-1\">Heinrich, Thomas<\/td><td class=\"column-2\">Metalltechnik III (Kfz), M\u00fcnchberg<\/td><td class=\"column-3\">Kfz-Mechatroniker<\/td>\n<\/tr>\n<tr class=\"row-8\">\n\t<td class=\"column-1\">Jeuk, Matthias<\/td><td class=\"column-2\">Metalltechnik I, Fachschule f\u00fcr Kunststofftechnik, Rehau<\/td><td class=\"column-3\">Werkzeugmechaniker, Fachschule f\u00fcr Kunststofftechnik und Faserverbundwerkstoffe<\/td>\n<\/tr>\n<tr class=\"row-9\">\n\t<td class=\"column-1\">K\u00e4ppel, Thomas<\/td><td class=\"column-2\">Systembetreuer<\/td><td class=\"column-3\"><\/td>\n<\/tr>\n<tr class=\"row-10\">\n\t<td class=\"column-1\">N.N.<\/td><td class=\"column-2\">Metall IV (Kunststofftechnik)<br \/>\nRehau<\/td><td class=\"column-3\">Kunststofftechnologen<\/td>\n<\/tr>\n<tr class=\"row-11\">\n\t<td class=\"column-1\">Pfretzschner, Dana<\/td><td class=\"column-2\">Wirtschaftswissenschaften II, M\u00fcnchberg<\/td><td class=\"column-3\">Automobilkaufleute,<br \/>\nKaufleute f\u00fcr B\u00fcromanagement,<br \/>\nIndustriekaufleute<\/td>\n<\/tr>\n<tr class=\"row-12\">\n\t<td class=\"column-1\">N.N.<\/td><td class=\"column-2\">Deutsch<\/td><td class=\"column-3\"><\/td>\n<\/tr>\n<tr class=\"row-13\">\n\t<td class=\"column-1\">Schilling, Thomas<\/td><td class=\"column-2\">praktischer Unterricht Metalltechnik Kfz, M\u00fcnchberg<\/td><td class=\"column-3\">Kfz-Mechatroniker<\/td>\n<\/tr>\n<tr class=\"row-14\">\n\t<td class=\"column-1\">N.N.<\/td><td class=\"column-2\">Wirtschaftwissenschaften IV, Hof <\/td><td class=\"column-3\">Industriekaufleute Hochschul-Dual,<br \/>\nIndustriekaufleute 2-j\u00e4hrig mit sprachlicher Vertiefung,<br \/>\nSteuerfachangestellte,<br \/>\nSteuerfachangestellte-Dual,<\/td>\n<\/tr>\n<tr class=\"row-15\">\n\t<td class=\"column-1\">Schmidt, Albrecht<\/td><td class=\"column-2\">Metalltechnik I und Kunststofftechnik (praktischer Unterricht)<\/td><td class=\"column-3\">Werkzeugmechaniker, Kunststofftechnologen<\/td>\n<\/tr>\n<tr class=\"row-16\">\n\t<td class=\"column-1\">N.N.<\/td><td class=\"column-2\">praktischer Unterricht Handwerksberufe und Fl\u00fcchtlingsbewerber (Nahrung, Farbe, K\u00f6rperpflege)<br \/>\nHof<\/td><td class=\"column-3\">Maler und Lackierer,<br \/>\nFriseure,<br \/>\nBerufsintegration, B\u00e4cker*innen, B\u00e4ckereifachverk\u00e4ufer*innen, Konditor*innen <\/td>\n<\/tr>\n<\/tbody>\n<\/table>\n\n<p>[\/et_pb_text][\/et_pb_column][et_pb_column type=&#8220;2_5&#8243; _builder_version=&#8220;4.19.0&#8243; _module_preset=&#8220;default&#8220; global_colors_info=&#8220;{}&#8220;][\/et_pb_column][\/et_pb_row][\/et_pb_section][et_pb_section fb_built=&#8220;1&#8243; _builder_version=&#8220;4.19.0&#8243; _module_preset=&#8220;default&#8220; background_color=&#8220;#CDE855&#8243; animation_style=&#8220;slide&#8220; da_disable_devices=&#8220;off|off|off&#8220; global_colors_info=&#8220;{}&#8220; da_is_popup=&#8220;off&#8220; da_exit_intent=&#8220;off&#8220; da_has_close=&#8220;on&#8220; da_alt_close=&#8220;off&#8220; da_dark_close=&#8220;off&#8220; da_not_modal=&#8220;on&#8220; da_is_singular=&#8220;off&#8220; da_with_loader=&#8220;off&#8220; da_has_shadow=&#8220;on&#8220;][et_pb_row column_structure=&#8220;3_5,2_5&#8243; _builder_version=&#8220;4.19.0&#8243; _module_preset=&#8220;default&#8220; global_colors_info=&#8220;{}&#8220;][et_pb_column type=&#8220;3_5&#8243; _builder_version=&#8220;4.19.0&#8243; _module_preset=&#8220;default&#8220; global_colors_info=&#8220;{}&#8220;][et_pb_text _builder_version=&#8220;4.19.0&#8243; _module_preset=&#8220;default&#8220; global_colors_info=&#8220;{}&#8220;]<\/p>\n<h2 id=\"tablepress-6-name\" class=\"tablepress-table-name tablepress-table-name-id-6\">Sonstige Funktionstr\u00e4ger<\/h2>\n\n<table id=\"tablepress-6\" class=\"tablepress tablepress-id-6\" aria-labelledby=\"tablepress-6-name\">\n<tbody class=\"row-striping row-hover\">\n<tr class=\"row-1\">\n\t<td class=\"column-1\">Eschenbacher, Kristin<\/td><td class=\"column-2\">Beratungslehrkraft und Ansprechpartnerin f\u00fcr Inklusion<\/td><td class=\"column-3\">alle Schulorte<\/td>\n<\/tr>\n<tr class=\"row-2\">\n\t<td class=\"column-1\">Jeuk, Matthias<\/td><td class=\"column-2\">Datenschutzbeauftragter<\/td><td class=\"column-3\">alle Schulorte<\/td>\n<\/tr>\n<tr class=\"row-3\">\n\t<td class=\"column-1\">K\u00e4ppel, Thomas<\/td><td class=\"column-2\">Fachbetreuer Metall-\/Elektrotechnik, Informationstechnik<\/td><td class=\"column-3\">Systembetreuer f\u00fcr alle Schulorte<\/td>\n<\/tr>\n<tr class=\"row-4\">\n\t<td class=\"column-1\">Stephan Dorsch<\/td><td class=\"column-2\">Fachbetreuer Politik und Gesellschaft<\/td><td class=\"column-3\">alle Schulorte<\/td>\n<\/tr>\n<\/tbody>\n<\/table>\n\n<p>[\/et_pb_text][\/et_pb_column][et_pb_column type=&#8220;2_5&#8243; _builder_version=&#8220;4.19.0&#8243; _module_preset=&#8220;default&#8220; global_colors_info=&#8220;{}&#8220;][\/et_pb_column][\/et_pb_row][\/et_pb_section][et_pb_section fb_built=&#8220;1&#8243; module_id=&#8220;sachaufwandstraeger&#8220; _builder_version=&#8220;4.19.4&#8243; _module_preset=&#8220;default&#8220; animation_style=&#8220;slide&#8220; animation_direction=&#8220;top&#8220; da_disable_devices=&#8220;off|off|off&#8220; global_colors_info=&#8220;{}&#8220; da_is_popup=&#8220;off&#8220; da_exit_intent=&#8220;off&#8220; da_has_close=&#8220;on&#8220; da_alt_close=&#8220;off&#8220; da_dark_close=&#8220;off&#8220; da_not_modal=&#8220;on&#8220; da_is_singular=&#8220;off&#8220; da_with_loader=&#8220;off&#8220; da_has_shadow=&#8220;on&#8220;][et_pb_row column_structure=&#8220;1_2,1_2&#8243; _builder_version=&#8220;4.19.0&#8243; _module_preset=&#8220;default&#8220; global_colors_info=&#8220;{}&#8220;][et_pb_column type=&#8220;1_2&#8243; _builder_version=&#8220;4.19.0&#8243; _module_preset=&#8220;default&#8220; global_colors_info=&#8220;{}&#8220;][et_pb_text _builder_version=&#8220;4.19.0&#8243; _module_preset=&#8220;default&#8220; global_colors_info=&#8220;{}&#8220;]<\/p>\n<h2 id=\"tablepress-7-name\" class=\"tablepress-table-name tablepress-table-name-id-7\">Zweckverband Berufsschule und Bildung in Stadt und Landkreis Hof<\/h2>\n<span id=\"tablepress-7-description\" class=\"tablepress-table-description tablepress-table-description-id-7\">Sachaufwandstr\u00e4ger<\/span>\n\n<table id=\"tablepress-7\" class=\"tablepress tablepress-id-7\" aria-labelledby=\"tablepress-7-name\" aria-describedby=\"tablepress-7-description\">\n<tbody class=\"row-striping row-hover\">\n<tr class=\"row-1\">\n\t<td class=\"column-1\">Wolframm, J\u00fcrgen<\/td><td class=\"column-2\">Gesch\u00e4ftsleiter<\/td>\n<\/tr>\n<tr class=\"row-2\">\n\t<td class=\"column-1\">Puchta, Wolfgang<\/td><td class=\"column-2\">Stellvertreter des Gesch\u00e4ftsleiters<\/td>\n<\/tr>\n<tr class=\"row-3\">\n\t<td class=\"column-1\">P\u00f6hlmann, Claudia<\/td><td class=\"column-2\">Weitere Stellvertreterin<\/td>\n<\/tr>\n<\/tbody>\n<\/table>\n\n<p>[\/et_pb_text][et_pb_text _builder_version=&#8220;4.19.4&#8243; _module_preset=&#8220;default&#8220; link_option_url_new_window=&#8220;on&#8220; hover_enabled=&#8220;0&#8243; global_colors_info=&#8220;{}&#8220; sticky_enabled=&#8220;0&#8243;]<\/p>\n<p>Schaumbergstr. 14<\/p>\n<p>95032 Hof<\/p>\n<p><a href=\"https:\/\/www.landkreis-hof.de\/dienstleistungen\/zweckverband-berufsschule-und-bildung-in-stadt-und-landkreis-hof\/\" target=\"_blank\" rel=\"noopener\">Zweckverband Berufsschule und Bildung in Stadt und Landkreis Hof<\/a><a href=\"Zweckverband%20Berufsschule und Bildung in Stadt und Landkreis Hof\" target=\"_blank\" rel=\"noopener\"><\/a><\/p>\n<p>[\/et_pb_text][\/et_pb_column][et_pb_column type=&#8220;1_2&#8243; _builder_version=&#8220;4.19.0&#8243; _module_preset=&#8220;default&#8220; global_colors_info=&#8220;{}&#8220;][\/et_pb_column][\/et_pb_row][\/et_pb_section][et_pb_section fb_built=&#8220;1&#8243; module_id=&#8220;personalrat&#8220; _builder_version=&#8220;4.19.4&#8243; _module_preset=&#8220;default&#8220; background_color=&#8220;#CDE855&#8243; animation_style=&#8220;fold&#8220; animation_delay=&#8220;250ms&#8220; da_disable_devices=&#8220;off|off|off&#8220; global_colors_info=&#8220;{}&#8220; da_is_popup=&#8220;off&#8220; da_exit_intent=&#8220;off&#8220; da_has_close=&#8220;on&#8220; da_alt_close=&#8220;off&#8220; da_dark_close=&#8220;off&#8220; da_not_modal=&#8220;on&#8220; da_is_singular=&#8220;off&#8220; da_with_loader=&#8220;off&#8220; da_has_shadow=&#8220;on&#8220;][et_pb_row _builder_version=&#8220;4.19.0&#8243; _module_preset=&#8220;default&#8220; global_colors_info=&#8220;{}&#8220;][et_pb_column type=&#8220;4_4&#8243; _builder_version=&#8220;4.19.0&#8243; _module_preset=&#8220;default&#8220; global_colors_info=&#8220;{}&#8220;][et_pb_text _builder_version=&#8220;4.19.0&#8243; _module_preset=&#8220;default&#8220; global_colors_info=&#8220;{}&#8220;]<\/p>\n<h2 id=\"tablepress-8-name\" class=\"tablepress-table-name tablepress-table-name-id-8\">Personalrat<\/h2>\n\n<table id=\"tablepress-8\" class=\"tablepress tablepress-id-8\" aria-labelledby=\"tablepress-8-name\">\n<tbody class=\"row-striping row-hover\">\n<tr class=\"row-1\">\n\t<td class=\"column-1\">Gebelein, Rene<\/td><td class=\"column-2\">Vorsitzender<\/td>\n<\/tr>\n<tr class=\"row-2\">\n\t<td class=\"column-1\">Benker, Tina<\/td><td class=\"column-2\">stellvertretende Vorsitzende<\/td>\n<\/tr>\n<tr class=\"row-3\">\n\t<td class=\"column-1\">Herzog, Nadine<\/td><td class=\"column-2\">Vertreterin der Fachschule f\u00fcr Technik<\/td>\n<\/tr>\n<tr class=\"row-4\">\n\t<td class=\"column-1\">H\u00fcttner, Alexander<\/td><td class=\"column-2\">Vertreter der Berufsfachschule f\u00fcr Informatik<\/td>\n<\/tr>\n<tr class=\"row-5\">\n\t<td class=\"column-1\">Pfretzschner Dana<\/td><td class=\"column-2\">Vertreterin der Au\u00dfenstelle M\u00fcnchberg<\/td>\n<\/tr>\n<tr class=\"row-6\">\n\t<td class=\"column-1\">Eschenbacher, Kristin<\/td><td class=\"column-2\"><\/td>\n<\/tr>\n<tr class=\"row-7\">\n\t<td class=\"column-1\">N.N.<\/td><td class=\"column-2\">Vertreter der Au\u00dfenstelle Rehau<\/td>\n<\/tr>\n<\/tbody>\n<\/table>\n\n<p>[\/et_pb_text][\/et_pb_column][\/et_pb_row][\/et_pb_section]<\/p>\n","protected":false},"excerpt":{"rendered":"<p><h2 id=\"tablepress-2-no-2-name\" class=\"tablepress-table-name tablepress-table-name-id-2\">Schulleitung<\/h2>\n\n<table id=\"tablepress-2-no-2\" class=\"tablepress tablepress-id-2\" aria-labelledby=\"tablepress-2-no-2-name\">\n<tbody class=\"row-striping row-hover\">\n<tr class=\"row-1\">\n\t<td class=\"column-1\">Schulleiterin<\/td><td class=\"column-2\">OStDin<\/td><td class=\"column-3\">Dr. Br\u00f6nner<\/td><td class=\"column-4\">Andrea<\/td>\n<\/tr>\n<tr class=\"row-2\">\n\t<td class=\"column-1\">stellvertretender Schulleiter<\/td><td class=\"column-2\">StD<\/td><td class=\"column-3\">M\u00fcnch<\/td><td class=\"column-4\">Michael<\/td>\n<\/tr>\n<tr class=\"row-3\">\n\t<td class=\"column-1\">weiterer Stellvertreter und Leiter der Fachschulen<\/td><td class=\"column-2\">StD<\/td><td class=\"column-3\">Ott<\/td><td class=\"column-4\">Alexander<\/td>\n<\/tr>\n<tr class=\"row-4\">\n\t<td class=\"column-1\">Au\u00dfenstellenleiter am Standort M\u00fcnchberg<\/td><td class=\"column-2\">StD<\/td><td class=\"column-3\">Bitterwolf<\/td><td class=\"column-4\">Daniel<\/td>\n<\/tr>\n<tr class=\"row-5\">\n\t<td class=\"column-1\">Au\u00dfenstellenleiter am Standort Rehau<\/td><td class=\"column-2\">StD<\/td><td class=\"column-3\">Lang<\/td><td class=\"column-4\">Alexander<\/td>\n<\/tr>\n<tr class=\"row-6\">\n\t<td class=\"column-1\">Mitarbeiter der Schulleitung<\/td><td class=\"column-2\">StD<\/td><td class=\"column-3\">H\u00fcttner<\/td><td class=\"column-4\">Alexander<\/td>\n<\/tr>\n<tr class=\"row-7\">\n\t<td class=\"column-1\">Mitarbeiterin der Schulleitung<\/td><td class=\"column-2\">StDin<\/td><td class=\"column-3\">F\u00f6rster<\/td><td class=\"column-4\">Doreen<\/td>\n<\/tr>\n<\/tbody>\n<\/table>\n &nbsp;<h2 id=\"tablepress-5-no-2-name\" class=\"tablepress-table-name tablepress-table-name-id-5\">Abteilungsleiter<\/h2>\n\n<table id=\"tablepress-5-no-2\" class=\"tablepress tablepress-id-5\" aria-labelledby=\"tablepress-5-no-2-name\">\n<tbody class=\"row-striping row-hover\">\n<tr class=\"row-1\">\n\t<td class=\"column-1\">Bellmann, Anja<\/td><td class=\"column-2\">Wirtschaftswissenschaften I, Hof<\/td><td class=\"column-3\">Fachkr\u00e4fte f\u00fcr Lagerlogistik, Fachlageristen, Kaufleute f\u00fcr Spedition und Lagerlogistikdienstleistungen<br \/>\nGro\u00df- und Au\u00dfenhandel<\/td>\n<\/tr>\n<tr class=\"row-2\">\n\t<td class=\"column-1\">B\u00f6ger, Berhard<\/td><td class=\"column-2\">Wirtschaftswissenschaften III<br \/>\nGesundheitsabteilung, Hof<\/td><td class=\"column-3\">Bank, Einzelhandel ,<br \/>\nMedizinische Fachangestellte, Zahnmedizinische Fachangestellte<\/td>\n<\/tr>\n<tr class=\"row-3\">\n\t<td class=\"column-1\">Forst, Michael<\/td><td class=\"column-2\">Handwerksberufe  und Fl\u00fcchtlingsbewerber (Nahrung, Farbe, K\u00f6rperpflege)<br \/>\nHof<\/td><td class=\"column-3\">Maler und Lackierer,<br \/>\nFriseure,<br \/>\nBerufsintegration, B\u00e4cker*innen, B\u00e4ckereifachverk\u00e4ufer*innen, Konditor*innen<\/td>\n<\/tr>\n<tr class=\"row-4\">\n\t<td class=\"column-1\">Gelbrich, Volker<\/td><td class=\"column-2\">Metalltechnik II, Hof<\/td><td class=\"column-3\">Konstruktionsmechaniker,<br \/>\nSystemplaner Metall- und Stahlbau, Industriemechaniker<br \/>\nAnlagenmechaniker Heizung, Sanit\u00e4r, Klima<\/td>\n<\/tr>\n<tr class=\"row-5\">\n\t<td class=\"column-1\">Gemsj\u00e4ger, Franz<\/td><td class=\"column-2\">praktischer Unterricht<br \/>\nMetalltechnik II<br \/>\nHof<\/td><td class=\"column-3\">Konstruktionsmechaniker,<br \/>\nSystemplaner Metall- und Stahlbau, Industriemechaniker  <\/td>\n<\/tr>\n<tr class=\"row-6\">\n\t<td class=\"column-1\">Heindl, Walter<\/td><td class=\"column-2\">Englisch<\/td><td class=\"column-3\"><\/td>\n<\/tr>\n<tr class=\"row-7\">\n\t<td class=\"column-1\">Heinrich, Thomas<\/td><td class=\"column-2\">Metalltechnik III (Kfz), M\u00fcnchberg<\/td><td class=\"column-3\">Kfz-Mechatroniker<\/td>\n<\/tr>\n<tr class=\"row-8\">\n\t<td class=\"column-1\">Jeuk, Matthias<\/td><td class=\"column-2\">Metalltechnik I, Fachschule f\u00fcr Kunststofftechnik, Rehau<\/td><td class=\"column-3\">Werkzeugmechaniker, Fachschule f\u00fcr Kunststofftechnik und Faserverbundwerkstoffe<\/td>\n<\/tr>\n<tr class=\"row-9\">\n\t<td class=\"column-1\">K\u00e4ppel, Thomas<\/td><td class=\"column-2\">Systembetreuer<\/td><td class=\"column-3\"><\/td>\n<\/tr>\n<tr class=\"row-10\">\n\t<td class=\"column-1\">N.N.<\/td><td class=\"column-2\">Metall IV (Kunststofftechnik)<br \/>\nRehau<\/td><td class=\"column-3\">Kunststofftechnologen<\/td>\n<\/tr>\n<tr class=\"row-11\">\n\t<td class=\"column-1\">Pfretzschner, Dana<\/td><td class=\"column-2\">Wirtschaftswissenschaften II, M\u00fcnchberg<\/td><td class=\"column-3\">Automobilkaufleute,<br \/>\nKaufleute f\u00fcr B\u00fcromanagement,<br \/>\nIndustriekaufleute<\/td>\n<\/tr>\n<tr class=\"row-12\">\n\t<td class=\"column-1\">N.N.<\/td><td class=\"column-2\">Deutsch<\/td><td class=\"column-3\"><\/td>\n<\/tr>\n<tr class=\"row-13\">\n\t<td class=\"column-1\">Schilling, Thomas<\/td><td class=\"column-2\">praktischer Unterricht Metalltechnik Kfz, M\u00fcnchberg<\/td><td class=\"column-3\">Kfz-Mechatroniker<\/td>\n<\/tr>\n<tr class=\"row-14\">\n\t<td class=\"column-1\">N.N.<\/td><td class=\"column-2\">Wirtschaftwissenschaften IV, Hof <\/td><td class=\"column-3\">Industriekaufleute Hochschul-Dual,<br \/>\nIndustriekaufleute 2-j\u00e4hrig mit sprachlicher Vertiefung,<br \/>\nSteuerfachangestellte,<br \/>\nSteuerfachangestellte-Dual,<\/td>\n<\/tr>\n<tr class=\"row-15\">\n\t<td class=\"column-1\">Schmidt, Albrecht<\/td><td class=\"column-2\">Metalltechnik I und Kunststofftechnik (praktischer Unterricht)<\/td><td class=\"column-3\">Werkzeugmechaniker, Kunststofftechnologen<\/td>\n<\/tr>\n<tr class=\"row-16\">\n\t<td class=\"column-1\">N.N.<\/td><td class=\"column-2\">praktischer Unterricht Handwerksberufe und Fl\u00fcchtlingsbewerber (Nahrung, Farbe, K\u00f6rperpflege)<br \/>\nHof<\/td><td class=\"column-3\">Maler und Lackierer,<br \/>\nFriseure,<br \/>\nBerufsintegration, B\u00e4cker*innen, B\u00e4ckereifachverk\u00e4ufer*innen, Konditor*innen <\/td>\n<\/tr>\n<\/tbody>\n<\/table>\n<h2 id=\"tablepress-6-no-2-name\" class=\"tablepress-table-name tablepress-table-name-id-6\">Sonstige Funktionstr\u00e4ger<\/h2>\n\n<table id=\"tablepress-6-no-2\" class=\"tablepress tablepress-id-6\" aria-labelledby=\"tablepress-6-no-2-name\">\n<tbody class=\"row-striping row-hover\">\n<tr class=\"row-1\">\n\t<td class=\"column-1\">Eschenbacher, Kristin<\/td><td class=\"column-2\">Beratungslehrkraft und Ansprechpartnerin f\u00fcr Inklusion<\/td><td class=\"column-3\">alle Schulorte<\/td>\n<\/tr>\n<tr class=\"row-2\">\n\t<td class=\"column-1\">Jeuk, Matthias<\/td><td class=\"column-2\">Datenschutzbeauftragter<\/td><td class=\"column-3\">alle Schulorte<\/td>\n<\/tr>\n<tr class=\"row-3\">\n\t<td class=\"column-1\">K\u00e4ppel, Thomas<\/td><td class=\"column-2\">Fachbetreuer Metall-\/Elektrotechnik, Informationstechnik<\/td><td class=\"column-3\">Systembetreuer f\u00fcr alle Schulorte<\/td>\n<\/tr>\n<tr class=\"row-4\">\n\t<td class=\"column-1\">Stephan Dorsch<\/td><td class=\"column-2\">Fachbetreuer Politik und Gesellschaft<\/td><td class=\"column-3\">alle Schulorte<\/td>\n<\/tr>\n<\/tbody>\n<\/table>\n<h2 id=\"tablepress-7-no-2-name\" class=\"tablepress-table-name tablepress-table-name-id-7\">Zweckverband Berufsschule und Bildung in Stadt und Landkreis Hof<\/h2>\n<span id=\"tablepress-7-no-2-description\" class=\"tablepress-table-description tablepress-table-description-id-7\">Sachaufwandstr\u00e4ger<\/span>\n\n<table id=\"tablepress-7-no-2\" class=\"tablepress tablepress-id-7\" aria-labelledby=\"tablepress-7-no-2-name\" aria-describedby=\"tablepress-7-no-2-description\">\n<tbody class=\"row-striping row-hover\">\n<tr class=\"row-1\">\n\t<td class=\"column-1\">Wolframm, J\u00fcrgen<\/td><td class=\"column-2\">Gesch\u00e4ftsleiter<\/td>\n<\/tr>\n<tr class=\"row-2\">\n\t<td class=\"column-1\">Puchta, Wolfgang<\/td><td class=\"column-2\">Stellvertreter des Gesch\u00e4ftsleiters<\/td>\n<\/tr>\n<tr class=\"row-3\">\n\t<td class=\"column-1\">P\u00f6hlmann, Claudia<\/td><td class=\"column-2\">Weitere Stellvertreterin<\/td>\n<\/tr>\n<\/tbody>\n<\/table>\nSchaumbergstr. 14 95032 Hof Zweckverband Berufsschule und Bildung in Stadt und Landkreis Hof<h2 id=\"tablepress-8-no-2-name\" class=\"tablepress-table-name tablepress-table-name-id-8\">Personalrat<\/h2>\n\n<table id=\"tablepress-8-no-2\" class=\"tablepress tablepress-id-8\" aria-labelledby=\"tablepress-8-no-2-name\">\n<tbody class=\"row-striping row-hover\">\n<tr class=\"row-1\">\n\t<td class=\"column-1\">Gebelein, Rene<\/td><td class=\"column-2\">Vorsitzender<\/td>\n<\/tr>\n<tr class=\"row-2\">\n\t<td class=\"column-1\">Benker, Tina<\/td><td class=\"column-2\">stellvertretende Vorsitzende<\/td>\n<\/tr>\n<tr class=\"row-3\">\n\t<td class=\"column-1\">Herzog, Nadine<\/td><td class=\"column-2\">Vertreterin der Fachschule f\u00fcr Technik<\/td>\n<\/tr>\n<tr class=\"row-4\">\n\t<td class=\"column-1\">H\u00fcttner, Alexander<\/td><td class=\"column-2\">Vertreter der Berufsfachschule f\u00fcr Informatik<\/td>\n<\/tr>\n<tr class=\"row-5\">\n\t<td class=\"column-1\">Pfretzschner Dana<\/td><td class=\"column-2\">Vertreterin der Au\u00dfenstelle M\u00fcnchberg<\/td>\n<\/tr>\n<tr class=\"row-6\">\n\t<td class=\"column-1\">Eschenbacher, Kristin<\/td><td class=\"column-2\"><\/td>\n<\/tr>\n<tr class=\"row-7\">\n\t<td class=\"column-1\">N.N.<\/td><td class=\"column-2\">Vertreter der Au\u00dfenstelle Rehau<\/td>\n<\/tr>\n<\/tbody>\n<\/table>\n<\/p>\n","protected":false},"author":1,"featured_media":0,"parent":532,"menu_order":0,"comment_status":"closed","ping_status":"closed","template":"","meta":{"_et_pb_use_builder":"on","_et_pb_old_content":"","_et_gb_content_width":"","inline_featured_image":false,"footnotes":""},"class_list":["post-534","page","type-page","status-publish","hentry"],"_links":{"self":[{"href":"https:\/\/www.bs-hof.de\/index.php\/wp-json\/wp\/v2\/pages\/534","targetHints":{"allow":["GET"]}}],"collection":[{"href":"https:\/\/www.bs-hof.de\/index.php\/wp-json\/wp\/v2\/pages"}],"about":[{"href":"https:\/\/www.bs-hof.de\/index.php\/wp-json\/wp\/v2\/types\/page"}],"author":[{"embeddable":true,"href":"https:\/\/www.bs-hof.de\/index.php\/wp-json\/wp\/v2\/users\/1"}],"replies":[{"embeddable":true,"href":"https:\/\/www.bs-hof.de\/index.php\/wp-json\/wp\/v2\/comments?post=534"}],"version-history":[{"count":24,"href":"https:\/\/www.bs-hof.de\/index.php\/wp-json\/wp\/v2\/pages\/534\/revisions"}],"predecessor-version":[{"id":2671,"href":"https:\/\/www.bs-hof.de\/index.php\/wp-json\/wp\/v2\/pages\/534\/revisions\/2671"}],"up":[{"embeddable":true,"href":"https:\/\/www.bs-hof.de\/index.php\/wp-json\/wp\/v2\/pages\/532"}],"wp:attachment":[{"href":"https:\/\/www.bs-hof.de\/index.php\/wp-json\/wp\/v2\/media?parent=534"}],"curies":[{"name":"wp","href":"https:\/\/api.w.org\/{rel}","templated":true}]}}